j**3 + 3*j**2 - 5*j - 56. Let v(s) = -11*s**3 - 10*s**2 + 14*s + 152. Let q(d) = -8*m(d) - 3*v(d). Determine q(w).
4
Suppose 40 = 5*z + 50. Let c(d) = 26*d + 3. What is c(z)?
-49
Let z(c) = -c**2 + 13. Let i be z(3). Let w(p) = 32*p - 7 - 33*p - i. Give w(-9).
-2
Let m(g) = -9 + 18*g**3 - 10*g**3 - 6*g**2 + 5*g - 9*g**3. Suppose 0 = 5*k + 15, 0 = -4*v + 2*k - 109 + 375. Let u be (-4)/(-18) + v/(-9). Determine m(u).
5
Let q(r) be the second derivative of 0*r**2 + 0 - 5*r + 1/3*r**3. Suppose 0 = -3*l - l - 8. Calculate q(l).
-4
Let g(t) be the first derivative of -t**3/3 + 5*t**2/2 + 5*t - 184. Give g(6).
-1
Let y(v) = -4 + v**2 - v**3 + 2*v**2 - 16*v**2 - 6*v + v + 7*v**2. Determine y(-4).
-16
Let r(p) = p - 1 + 5*p - 2*p. Let f be 50/15*-2 - 2/(-3). Let s be (2/f)/(6/18). Give r(s).
-5
Let w(n) = -5*n + 2. Suppose 4*u + 10 = 6*u. Suppose -j + u*j + 12 = 0. Let y = 5 + j. What is w(y)?
-8
Suppose -4 = -0*n + 4*n. Suppose 2*x = 67 + 165. Let q(y) = -x*y + 230*y + 4*y**2 - 114*y. Determine q(n).
4
Let j(f) be the third derivative of -f**6/360 - f**5/12 - f**4/24 - f**3/6 + 13*f**2. Let v(l) be the second derivative of j(l). Give v(-8).
6
Let i = -26 - -31. Suppose -11 = -i*p - 1. Let l(r) = -3 - 6*r**p - r + 5*r**2 + 3*r. Determine l(4).
-11
Let g(a) = -a - 11. Let v be -5 + (-47)/7 + 6/(-21). What is g(v)?
1
Let l be -3 - 2 - 2/(2 - 3). Let t be (20/5 + 11)*1/l. Let u(y) = y**3 + 5*y**2 + 2*y - 2. Give u(t).
-12
Let i(p) = -5*p - 1. Let d be (-280)/21 - 2/(-6). Let z be (2/6)/(d/(-78)). Let w be -2*z/8*2. Calculate i(w).
4
Let f(a) be the third derivative of a**6/60 + 7*a**5/60 - 5*a**4/24 - 2*a**3/3 - 20*a**2 - 1. Let n be f(-4). Let y(q) = -q - 1. What is y(n)?
-1
Let k(x) = x + 1. Let w(j) = -j - 4. Let a be w(-8). Suppose a*f - 2 = 2. Let c(o) = 3*o + 7. Let h(b) = f*c(b) - 4*k(b). Give h(0).
3
Let j(d) be the first derivative of d**4/4 + 4*d**3 + d**2/2 + 17*d - 52. What is j(-12)?
5
Let n(c) be the first derivative of -1 - 1/2*c**2 - 1/24*c**4 + 0*c - 1/6*c**3. Let q(d) be the second derivative of n(d). Give q(6).
-7
Let s(z) be the first derivative of -z**4/4 - 8*z**3/3 - 7*z**2/2 + z + 7. Determine s(-7).
1
Let d(t) = 2*t**3 - t**2 + 13*t. Let m be d(0). Let r(o) = -2*o**2 + 19. Determine r(m).
19
Let h(c) = -c**2 + 4*c + 14. Let w be h(-3). Let s(r) = -r**3 - 8*r**2 - 6*r. Give s(w).
-7
Let g(b) = 3*b + 15. Suppose 35*a = 51*a + 96. Give g(a).
-3
Let a(f) be the third derivative of f**5/60 + 13*f**4/24 + 17*f**3/6 - 47*f**2. Give a(-12).
5
Let w be (-3)/(-2)*420/18. Suppose 0 = 4*k + k + 15, 0 = -5*c - 5*k - w. Let a = -11 - c. Let b(o) = -o**2 - 5*o + 7. What is b(a)?
-7
Let g(z) = 17*z - 1. Let w(b) = 1079*b + 0 - 1090*b + 1. Suppose 0 = 2*i - 0*i + 16. Let r(l) = i*w(l) - 5*g(l). Determine r(-5).
-18
Suppose 5*f - 15 = -5*z, -9 + 21 = 4*z - 3*f. Let d be 10/15 - 26/z. Let l(o) = -3 + 0*o**3 - o**3 - 9*o**2 + 0 - 9*o. What is l(d)?
5
Let k(c) = 2*c**2 + 8*c - 3. Suppose 0 = 3*m - 5*d + 23, 5*m - 4*d - d + 35 = 0. What is k(m)?
21
Let v(j) = j**3 + 3*j**2 - j - 4. Let f be ((-4)/12)/((-2)/30). Suppose -9 = f*g - 2*g. Give v(g).
-1
Suppose -t - 69 = 3*k - 67, -5*k - 1 = 4*t. Let l(d) = -6*d - 2. Give l(k).
4
Let n(r) = -r**2 + 2*r. Suppose -v - 6 = -4*s, s + 7*v = 8*v + 3. Determine n(s).
1
Let h(m) be the first derivative of m**4/4 - 26*m**3/3 - m**2 + 52*m + 264. What is h(26)?
0
Let w(v) = -2*v**3 - 2*v**2 - 7*v - 8. Let r(f) = f**2 + f + 3. Let l(t) = 4*r(t) + w(t). Give l(2).
-10
Let w(p) = p - 1. Suppose 9*g - 4*g + 2*y = 40, 0 = -y. Suppose 0 = -g*i + 6*i + 2. Give w(i).
0
Suppose 36 = 6*j + 60. Let m(w) = -2*w - 8. Calculate m(j).
0
Let y be 6/8 + 0 + (-2)/(-8). Let z(h) = y + h**2 + 2*h - 5*h - h - h. Give z(4).
-3
Let s = 69 - 65. Suppose 2*u = 5*g - 22, 3*g - 2*u - s = g. Let v(j) = -2*j + 11. Let m(f) = f. Let w(x) = m(x) + v(x). Determine w(g).
5
Suppose -38*c + 51*c = 0. Let n(s) = -3*s**2 + 18 - s - 5 + 2*s**2. Give n(c).
13
Let f(b) = -24*b - 548. Let r be f(-23). Let m(v) be the first derivative of -v**2/2 + 5*v + 1. Give m(r).
1
Let j(q) = -2*q**2 - q + 1. Suppose -4*y + 4*l - 8 = 0, 0 = -3*y - 3*l - 9 - 3. What is j(y)?
-14
Let o(d) = -2*d - 18. Let w(p) = -3*p**2 - 2*p - 4. Let i be w(-2). Let y be o(i). Let u(v) = 2*v - 2 - 5*v + y*v. Calculate u(-5).
-17
Let n(t) = -9*t**2 + 2*t + 1. Let y be (4/6)/(56/168). What is n(y)?
-31
Suppose 0 = -3*g + 6 + 39. Suppose -6*i + g = -i. Suppose i*v = -0*v + 9. Let t(a) = a**2 - a + 1. Calculate t(v).
7
Let v be 20/(-9) + (-18)/(-81). Let g be 4/(-8)*v - (1 + 2). Let i(w) = -7*w**3 + 2*w - 1 + w**3 + 2*w**3 + 2*w**3. Determine i(g).
11
Let g(k) = 5440 + 9*k - 5448 - k**2 - 8*k**2 + k**3. Let a be 3/(5/8 + 7/(-28)). Give g(a).
0
Let x(g) = 10*g + 3. Let d(i) = -i - 5. Let m(j) = -4*d(j) - x(j). Give m(4).
-7
Let z(p) = -7*p. Let b(a) = -a - 7. Let c(j) = j - 2*j - 9 - 6 + 1. Let q be c(-6). Let u be b(q). Determine z(u).
-7
Suppose 5*c + 4*h = 39, 5*c - 4*h = 4*c + 27. Let z(r) = r + 7. Determine z(c).
18
Let p be (1 - 1)*2/4. Suppose -4*v + 0*v - 16 = p. Let m(n) be the first derivative of n**4/4 + 5*n**3/3 + 2*n**2 + 4586. Calculate m(v).
0
Suppose -68 = 8*g - 10*g. Let i = g + -40. Let u(l) = -l - 10. Calculate u(i).
-4
Let b(w) = -w + 5. Let g be b(5). Let x(n) be the second derivative of -n**3/6 - 3*n**2 - n. Give x(g).
-6
Suppose 2*v - 8 - 20 = 0. Let b = v - 12. Let j(s) be the first derivative of 2*s**2 - s + 2. Give j(b).
7
Suppose 0 = -2*w - 32*w - 68. Let p(z) = 3*z**3 - z**2 + z + 2. Give p(w).
-28
Suppose -3*y + 4*a - 10 = 0, a = 2*y - y + 3. Let s(g) = 2 + 4*g**3 - 3*g**3 - g + 3*g**2 + 3*g + 1. Calculate s(y).
3
Let r(p) be the third derivative of -p**5/60 + p**4/3 + 302*p**2. Determine r(7).
7
Let l(j) = -j**2 - 9*j - 6. Let r be l(-7). Suppose -10 = 3*p - v + 3*v, 3*p + 4*v + r = 0. Let y(c) = c + 9. What is y(p)?
5
Let g(t) be the second derivative of -1/12*t**4 + 0 - t**2 + 3*t + 1/6*t**3. Give g(3).
-8
Let w(n) = 2*n**3 + n**2 + 2*n - 2. Let m(i) = -4*i - 5. Let x be m(-3). Let q(o) = -5*o**3 - o**2 - 5*o + 4. Let u(y) = x*w(y) + 3*q(y). Determine u(4).
-6
Let n be (-2)/((-5)/(60/(-32)))*-4. Let q(u) = 29*u**2 - 28*u**2 + 0*u + n - 4*u + 2*u. Determine q(5).
18
Let f(s) be the third derivative of 3*s**5/20 + s**4/24 - 5*s**3/6 - 20*s**2. Let y(i) = 8*i**2 + i - 4. Let h(l) = 5*f(l) - 6*y(l). Calculate h(2).
-15
Let w(f) be the second derivative of 13*f**4/12 + f**3/6 - 3*f. Let p be w(-1). Suppose -p = -4*b - 0*b. Let x(i) = 2*i**2 - 2*i - 2. Give x(b).
10
Let t(c) = 4*c - 5. Let j = -382 + 384. Determine t(j).
3
Let c(u) = 4*u. Let o(w) = w**3 - 16*w**2 + 1. Let j be o(16). What is c(j)?
4
Let p(o) be the first derivative of -3/2*o**2 + 17 + 4/3*o**3 + 5*o + 1/4*o**4. Calculate p(-5).
-5
Suppose 3*s + 35 + 97 = 0. Let o be 4/(-22) - 8/s. Let c(y) = -y**2 + 1. Let j(t) = t**3 - 7*t**2 - t + 12. Let i(a) = 6*c(a) - j(a). Calculate i(o).
-6
Let g(x) = 3*x - 9. Let m(y) = y - 1. Let h(s) = g(s) - 4*m(s). Let o(t) = t**3 + 7*t**2 + 8*t + 12. Let d be o(-6). Suppose 0 = -b + 6 - d. Calculate h(b).
-11
Let n(q) = -q**2 - 14*q + 14. Let c(f) = 2*f**2 + 15*f - 13. Let d(l) = -2*c(l) - 3*n(l). Calculate d(10).
4
Let k(w) = 2*w**2 + 5*w + 2. Let b be (-132)/28 + 28/(-98). Give k(b).
27
Suppose -2*u + 29 = 9. Let t be u/(-14) + 1 + (-12)/(-7). Let k(m) be the third derivative of -m**6/120 + m**5/60 - m**4/8 + m**3/2 - m**2. Calculate k(t).
-7
Suppose -4*s - 20 = -7*q + 9*q, -3*q + s + 5 = 0. Let w(x) = 3*x - 1. Determine w(q).
-1
Let g(i) be the third derivative of -i**4/6 - i**3/2 - i**2. Suppose 26*y = 24*y + 6. Suppose 2*f - y*k - 6 = 0, -4*k = -2*k + 8. What is g(f)?
9
Let u be -2*(5/(-15) + (-34)/(-12)). Let t(k) be the first derivative of 1 - 4*k - 3/2*k**2. Calculate t(u).
11
Let o = -8 + 19. Suppose 0 = 2*w - o - 7. Let r(m) = -w + 0*m + 3*m + 7. What is r(3)?
7
Suppose 5*k - 3*n + 25 = 0, 4*k + 2*n - 18 = -16. Let m(c) = -c**3 - c**2 - 3*c - 4. What is m(k)?
6
Let b(o) = 2*o**3 + o + 14. Let s be b(-2). Let j(v) = -5*v - 16. Determine j(s).
4
Let o = 5 - 3. Suppose 11 = -3*m + o. Let s(q) be the first derivative of -q**2 - 2*q - 1234. Determine s(m).
4
Let v(y) = -y**3 + 6*y**2 - 5*y + 4. Suppose -205*u + 206*u = 3. What is v(u)?
16
Let x(v) = -6*v. Suppos